{"id":237,"date":"2025-06-16T12:34:10","date_gmt":"2025-06-16T12:34:10","guid":{"rendered":"https:\/\/s-wind.online\/?page_id=237"},"modified":"2025-06-16T12:39:03","modified_gmt":"2025-06-16T12:39:03","slug":"kontaktujte-nas","status":"publish","type":"page","link":"https:\/\/s-wind.online\/?page_id=237","title":{"rendered":"Kontaktujte n\u00e1s"},"content":{"rendered":"<p>Tyto webov\u00e9 str\u00e1nky vlastn\u00ed spole\u010dnost SolarWind Token s.r.o.. Sna\u017e\u00edme se na\u0161im u\u017eivatel\u016fm poskytovat relevantn\u00ed a u\u017eite\u010dn\u00e9 informace.<\/p>\n<p>N\u00e1zev spole\u010dnosti: SolarWind Token s.r.o.<\/p>\n<p>Pr\u00e1vn\u00ed adresa: D\u011b\u010d\u00ednsk\u00e1 552\/1, St\u0159\u00ed\u017ekov, 180 00 Praha 8<\/p>\n<p>E-mail:<br \/>\n<a href=\"mailto:info@s-wind.online\">info@s-wind.online<\/a><\/p>\n<p>Telefon:<br \/>\n<a href=\"tel:+420466788804\">+420466788804<\/a><\/p>\n<p>Gener\u00e1ln\u00ed \u0159editel: Mila Kov\u00e1\u0159<\/p>\n<p>Registra\u010dn\u00ed \u010d\u00edslo: 22538143<\/p>\n<p>N\u00e1zev registruj\u00edc\u00edho org\u00e1nu: Zhit v Chehii S.R.O.<\/p>\n<p>Adresa registruj\u00edc\u00edho org\u00e1nu: 3, N\u00e1kupn\u00ed 389, 102 00 Praha-\u0160t\u011brboholy, \u010cesk\u00e1 republika<\/p>\n<p><b>Autorsk\u00e1 pr\u00e1va:<\/b><\/p>\n<p>Ve\u0161ker\u00fd materi\u00e1l na na\u0161ich webov\u00fdch str\u00e1nk\u00e1ch, v\u010detn\u011b textu, obr\u00e1zk\u016f, grafiky, designu a softwaru, je chr\u00e1n\u011bn autorsk\u00fdmi pr\u00e1vy. Jeho pou\u017e\u00edv\u00e1n\u00ed nebo \u0161\u00ed\u0159en\u00ed bez souhlasu dr\u017eitele autorsk\u00fdch pr\u00e1v je zak\u00e1z\u00e1no.<\/p>\n<p>V p\u0159\u00edpad\u011b jak\u00fdchkoli dotaz\u016f nebo p\u0159ipom\u00ednek t\u00fdkaj\u00edc\u00edch se na\u0161ich webov\u00fdch str\u00e1nek nebo na\u0161\u00ed spole\u010dnosti n\u00e1s pros\u00edm kontaktujte pomoc\u00ed v\u00fd\u0161e uveden\u00fdch kontaktn\u00edch \u00fadaj\u016f.<\/p>\n<p><b>Z\u00e1sady ochrany osobn\u00edch \u00fadaj\u016f:<\/b><\/p>\n<p>Respektujeme va\u0161e soukrom\u00ed a chr\u00e1n\u00edme va\u0161e osobn\u00ed \u00fadaje. Dal\u0161\u00ed informace naleznete v na\u0161ich <a href=\"privacy.html\">z\u00e1sad\u00e1ch ochrany osobn\u00edch \u00fadaj\u016f<\/a>.<\/p>\n","protected":false},"excerpt":{"rendered":"<p>Tyto webov\u00e9 str\u00e1nky vlastn\u00ed spole\u010dnost SolarWind Token s.r.o.. Sna\u017e\u00edme se na\u0161im u\u017eivatel\u016fm poskytovat relevantn\u00ed a u\u017eite\u010dn\u00e9 informace. N\u00e1zev spole\u010dnosti: SolarWind Token s.r.o. Pr\u00e1vn\u00ed adresa: D\u011b\u010d\u00ednsk\u00e1 552\/1, St\u0159\u00ed\u017ekov, 180 00 Praha&hellip;<\/p>\n","protected":false},"author":1,"featured_media":0,"parent":0,"menu_order":0,"comment_status":"closed","ping_status":"closed","template":"","meta":{"footnotes":""},"class_list":["post-237","page","type-page","status-publish","hentry"],"_links":{"self":[{"href":"https:\/\/s-wind.online\/index.php?rest_route=\/wp\/v2\/pages\/237","targetHints":{"allow":["GET"]}}],"collection":[{"href":"https:\/\/s-wind.online\/index.php?rest_route=\/wp\/v2\/pages"}],"about":[{"href":"https:\/\/s-wind.online\/index.php?rest_route=\/wp\/v2\/types\/page"}],"author":[{"embeddable":true,"href":"https:\/\/s-wind.online\/index.php?rest_route=\/wp\/v2\/users\/1"}],"replies":[{"embeddable":true,"href":"https:\/\/s-wind.online\/index.php?rest_route=%2Fwp%2Fv2%2Fcomments&post=237"}],"version-history":[{"count":3,"href":"https:\/\/s-wind.online\/index.php?rest_route=\/wp\/v2\/pages\/237\/revisions"}],"predecessor-version":[{"id":251,"href":"https:\/\/s-wind.online\/index.php?rest_route=\/wp\/v2\/pages\/237\/revisions\/251"}],"wp:attachment":[{"href":"https:\/\/s-wind.online\/index.php?rest_route=%2Fwp%2Fv2%2Fmedia&parent=237"}],"curies":[{"name":"wp","href":"https:\/\/api.w.org\/{rel}","templated":true}]}}